usands digit of 1673?
1
What is the tens digit of 6844?
4
What is the units digit of 1436?
6
What is the thousands digit of 42034?
2
What is the hundreds digit of 588?
5
What is the hundreds digit of 2496?
4
What is the hundreds digit of 1833?
8
What is the hundreds digit of 5944?
9
What is the units digit of 8172?
2
What is the ten thousands digit of 41500?
4
What is the units digit of 2175?
5
What is the thousands digit of 117863?
7
What is the hundreds digit of 51626?
6
What is the ten thousands digit of 13612?
1
What is the thousands digit of 1975?
1
What is the units digit of 13614?
4
What is the thousands digit of 34413?
4
What is the tens digit of 3632?
3
What is the units digit of 676?
6
What is the thousands digit of 11579?
1
What is the units digit of 1626?
6
What is the ten thousands digit of 14086?
1
What is the units digit of 3295?
5
What is the hundreds digit of 7057?
0
What is the tens digit of 24431?
3
What is the tens digit of 11653?
5
What is the tens digit of 123632?
3
What is the hundreds digit of 26018?
0
What is the tens digit of 27470?
7
What is the hundreds digit of 74931?
9
What is the hundreds digit of 172?
1
What is the hundreds digit of 11711?
7
What is the tens digit of 3899?
9
What is the hundreds digit of 3071?
0
What is the tens digit of 1125?
2
What is the tens digit of 601?
0
What is the thousands digit of 4775?
4
What is the thousands digit of 1660?
1
What is the units digit of 48819?
9
What is the thousands digit of 1248?
1
What is the tens digit of 2087?
8
What is the tens digit of 374?
7
What is the thousands digit of 47896?
7
What is the ten thousands digit of 32764?
3
What is the thousands digit of 4494?
4
What is the units digit of 89091?
1
What is the tens digit of 3765?
6
What is the units digit of 10729?
9
What is the hundreds digit of 32610?
6
What is the tens digit of 1184?
8
What is the tens digit of 76?
7
What is the ten thousands digit of 14740?
1
What is the hundreds digit of 5892?
8
What is the tens digit of 29295?
9
What is the units digit of 5137?
7
What is the ten thousands digit of 46664?
4
What is the units digit of 175558?
8
What is the thousands digit of 27257?
7
What is the tens digit of 422?
2
What is the thousands digit of 1395?
1
What is the hundreds digit of 4942?
9
What is the units digit of 116?
6
What is the ten thousands digit of 34229?
3
What is the units digit of 1573?
3
What is the ten thousands digit of 34275?
3
What is the tens digit of 12438?
3
What is the units digit of 36250?
0
What is the tens digit of 902?
0
What is the hundreds digit of 98119?
1
What is the units digit of 4156?
6
What is the hundreds digit of 3109?
1
What is the units digit of 909?
9
What is the thousands digit of 5979?
5
What is the tens digit of 38490?
9
What is the units digit of 996?
6
What is the hundreds digit of 7046?
0
What is the hundreds digit of 3059?
0
What is the units digit of 4031?
1
What is the ten thousands digit of 22846?
2
What is the thousands digit of 9136?
9
What is the units digit of 53736?
6
What is the thousands digit of 5443?
5
What is the units digit of 95?
5
What is the tens digit of 954?
5
What is the tens digit of 460?
6
What is the hundreds digit of 1339?
3
What is the thousands digit of 3998?
3
What is the tens digit of 1915?
1
What is the units digit of 5?
5
What is the hundreds digit of 999?
9
What is the hundreds digit of 774?
7
What is the thousands digit of 5174?
5
What is the tens digit of 312?
1
What is the tens digit of 3380?
8
What is the hundred thousands digit of 205482?
2
What is the thousands digit of 58105?
8
What is the hundreds digit of 5532?
5
What is the tens digit of 25963?
6
What is the hundreds digit of 2085?
0
What is the hundreds digit of 5306?
3
What is the units digit of 532?
2
What is the thousands digit of 1415?
1
What is the tens digit of 839?
3
What is the tens digit of 2052?
5
What is the tens digit of 138?
3
What is the units digit of 657?
7
What is the thousands digit of 12883?
2
What is the tens digit of 27889?
8
What is the units digit of 394?
4
What is the hundreds digit of 40910?
9
What is the hundreds digit of 2416?
4
What is the tens digit of 8880?
8
What is the units digit of 229?
9
What is the hundreds digit of 6560?
5
What is the tens digit of 4394?
9
What is the thousands digit of 4503?
4
What is the thousands digit of 10134?
0
What is the hundreds digit of 5389?
3
What is the tens digit of 17362?
6
What is the thousands digit of 22846?
2
What is the tens digit of 5923?
2
What is the thousands digit of 98285?
8
What is the tens digit of 3854?
5
What is the tens digit of 6042?
4
What is the tens digit of 947?
4
What is the tens digit of 4386?
8
What is the units digit of 2486?
6
What is the units digit of 813?
3
What is the hundreds digit of 3953?
9
What is the hundreds digit of 51043?
0
What is the units digit of 18473?
3
What is the ten thousands digit of 76923?
7
What is the units digit of 18687?
7
What is the units digit of 1939?
9
What is the tens digit of 145?
4
What is the thousands digit of 19895?
9
What is the tens digit of 161263?
6
What is the hundreds digit of 25482?
4
What is the hundreds digit of 30879?
8
What is the thousands digit of 4122?
4
What is the units digit of 19485?
5
What is the units digit of 1385?
5
What is the tens digit of 1516?
1
What is the tens digit of 4057?
5
What is the thousands digit of 5039?
5
What is the units digit of 38944?
4
What is the tens digit of 101241?
4
What is the units digit of 2632?
2
What is the thousands digit of 50447?
0
What is the hundreds digit of 1709?
7
What is the tens digit of 106494?
9
What is the thousands digit of 1679?
1
What is the thousands digit of 1731?
1
What is the thousands digit of 7272?
7
What is the tens digit of 48598?
9
What is the units digit of 527?
7
What is the units digit of 1405?
5
What is the units digit of 3317?
7
What is the units digit of 9222?
2
What is the tens digit of 3795?
9
What is the tens digit of 142215?
1
What is the tens digit of 6090?
9
What is the units digit of 30700?
0
What is the tens digit of 35253?
5
What is the units digit of 2256?
6
What is the tens digit of 37568?
6
What is the units digit of 634?
4
What is the units digit of 272?
2
What is the units digit of 33461?
1
What is the hundreds digit of 1545?
5
What is the thousands digit of 7775?
7
What is the hundreds digit of 2225?
2
What is the tens digit of 1174?
7
What is the hundreds digit of 3935?
9
What is the tens digit of 5977?
7
What is the units digit of 3346?
6
What is the thousands digit of 5214?
5
What is the tens digit of 88169?
6
What is the tens digit of 238?
3
What is the units digit of 20424?
4
What is the tens digit of 38798?
9
What is the hundreds digit of 1805?
8
What is the hundreds digit of 70346?
3
What is the thousands digit of 14720?
4
What is the tens digit of 369?
6
What is the units digit of 628?
8
What is the units digit of 3715?
5
What is the hundreds digit of 2377?
3
What is the ten thousands digit of 10146?
1
What is the units digit of 45194?
4
What is the units digit of 390?
0
What is the units digit of 904?
4
What is the tens digit of 974?
7
What is the tens digit of 864?
6
What is the tens digit of 1036?
3
What is the thousands digit of 1101?
1
What is the units digit of 552?
2
What is the thousands digit of 2587?
2
What is the thousands digit of 77854?
7
What is the thousands digit of 5891?
5
What is the tens digit of 61723?
2
What is the tens digit of 245?
4
What is the units digit of 61197?
7
What is the thousands digit of 47379?
7
What is the units digit of 4137?
7
What is the tens digit of 530?
3
What is the units digit of 1905?
5
What is the thousands digit of 5425?
5
What is the thousands digit of 8809?
8
What is the units digit of 6026?
6
What is the tens digit of 17903?
0
What is the hundreds digit of 5576?
5
What is the tens digit of 10583?
8
What is the hundreds digit of 4429?
4
What is the tens digit of 2682?
8
What is the hundreds digit of 4761?
7
What is the thousands digit of 46196?
6
What is the thousands digit of 5348?
5
What is the tens digit of 225?
2
What is the tens digit of 62457?
5
What is the tens digit of 82?
8
What is the units digit of 1860?
0
What is the thousands digit of 5093?
5
What is the hundreds digi